What are the prime factors of (-9442)/(-4) - (-366)/(-244)?
7, 337
Let i = 732 - 728. Suppose -2*o + i*l = -1556, 5*o + l = -0*l + 3934. List the prime factors of o.
2, 3, 131
Suppose -2*b + 1 = g - 7, 92 = 5*g - 3*b. Let c = g + -13. Suppose 2*u = c*j - 251, 5*j + 0*u - 417 = 2*u. List the prime factors of j.
83
Suppose -5*u + 9625 = 6*u. Let k = u - 231. List the prime factors of k.
2, 7, 23
Let m = 16337 - 3762. List the prime factors of m.
5, 503
Let j(n) be the second derivative of 27*n**3 + 10*n**2 + 257*n. What are the prime factors of j(5)?
2, 5, 83
Suppose 6*b + 9 = 27. Let v(l) = 14*l**2 - 37*l + 119. What are the prime factors of v(b)?
2, 67
Suppose 13*h = -4*h - 119. Let l(g) = 14*g**2 - 6*g - 62. What are the prime factors of l(h)?
2, 3, 37
Let r = -59 - -94. Let i = -611 - -614. Suppose m - i*l = -4*m + 241, m - r = 5*l. List the prime factors of m.
2, 5
Suppose 204*n = 78*n + 516922 + 337358. What are the prime factors of n?
2, 3, 5, 113
Let s(f) = -33 - 2*f**3 + f**3 + 3*f + 3*f + 10*f**2. Let t(y) = y**3 + 4*y**2 + 20*y + 58. Let a be t(-3). List the prime factors of s(a).
2, 3, 13
Let a be -11 + 15 - 578*(-2)/(-4). Let d = -238 - a. What are the prime factors of d?
47
Let k = 3213 + -1238. What are the prime factors of k?
5, 79
Suppose 36 = 16*q - 12. Suppose 2*c + 2 = -5*y, -3*c - 8*y + q*y = -2. What are the prime factors of 12 - (c + -6 + 2)?
2, 3
Let m = 63 - 73. Let y be ((-4516)/m)/((-2)/(-10)). Suppose -12*r + 430 = -y. List the prime factors of r.
2, 7
Suppose 2*j - 3 = o + j, 2*o = -3*j + 14. Let u be o/2 + 11*15/(-10). Let p = u - -70. List the prime factors of p.
2, 3
Let d(c) = -c**2 + 20*c - 4. Let q be d(16). Let z = q + -101. Let a = -15 - z. What are the prime factors of a?
2, 13
Let m = -84 + 8. Suppose 0 = -3*o + 15 + 492. Let x = o + m. List the prime factors of x.
3, 31
Let x(y) = -y**2 + 5*y - 4. Let j be x(4). Suppose 3*q + 15 = 0, -q = -4*m - j*q + 273. What are the prime factors of m?
67
Let o(i) = -5*i**3 - 7*i**2 + 58*i + 442. What are the prime factors of o(-7)?
2, 11
Suppose 0 = -2*y - 0*y + 6. Suppose 4*z - 3*g + 1 = -0*g, -g + 9 = y*z. Let k(x) = 19*x**2 - 3*x + 3. What are the prime factors of k(z)?
73
Let o be 3 + 0 + -1 + 0. Suppose o*a = -0 + 6. Suppose -4*c + 133 = -4*g - 47, -a*g = -c + 41. What are the prime factors of c?
47
Let q be (-1492)/8*2/(-1). Suppose -4*z - 3*g = -1507, 5*g = 2*z - q - 348. What are the prime factors of z?
373
Suppose -u = -3*u + 6. Suppose 0 = -u*d - 71 + 371. What are the prime factors of d?
2, 5
What are the prime factors of 5954 + (3 - 1*(0 - -5)) - -3?
3, 5, 397
Suppose -m = -2*d + 30482, 23*d - 25*d = m - 30490. List the prime factors of d.
3, 5081
Let l(n) = 9*n**3 - 37*n**2 - 8*n - 35. List the prime factors of l(7).
7, 13
List the prime factors of ((-335)/201)/((14/17080)/(3/(-4))).
5, 61
Let z(v) = 26*v**2 + 2*v - 2. Let d be (-30)/8 - -6*3/24. Let t be z(d). Let g = t - 122. What are the prime factors of g?
2, 13
Let z(r) = 2*r**2 + 31*r + 29. Let x be z(-15). Let h(u) = 7 - x*u - 16 + 7 + 9. What are the prime factors of h(-11)?
7, 23
What are the prime factors of ((-2)/12)/((-7)/(-351848))*-3?
2, 61, 103
Suppose 33534 = 142*j - 88*j. List the prime factors of j.
3, 23
List the prime factors of ((-18234)/(-12) - ((-33)/(-3) - 5))*14.
3, 7, 1009
Suppose -3*y - q + 1730 = 3*q, -2 = 2*q. Suppose 4*l = -m + 587, l + 2*m + y = 5*l. What are the prime factors of l?
2, 73
Suppose -11*i - 384 = -17*i. Let k = i + -74. What are the prime factors of (-1042)/k - 10/50?
2, 13
Suppose -95 - 107 = 2*r. Let s = r + 97. List the prime factors of (-190)/s - (-8)/16.
2, 3
Let l(w) = 3*w**3 - 2*w**2 + 3*w - 7. Let g be l(4). Suppose -p = 5*u - 39, -3*p = -0*p - u - g. What are the prime factors of p?
2, 3
Suppose -6 = -3*f, 0 = -i + f + 810 + 91. Let o = 1372 - i. List the prime factors of o.
7, 67
Let b be (80/24)/((-5)/(-6)). Suppose 4*f = -5*h - 205, -b*h + 0*h + 160 = -4*f. What are the prime factors of 2*f/12*-1*2?
3, 5
Let q(z) be the third derivative of -13*z**6/60 + z**5/30 + z**3/2 - 28*z**2 + z. Suppose -5*a - 7 = 3. List the prime factors of q(a).
3, 73
Let k(x) = x - 7. Let r be k(10). Let q be (0 - 9)*r/(-9). Suppose -l = 1, -b + l = q*b - 101. List the prime factors of b.
5
Suppose 33*y + 17*y - 562150 = 0. List the prime factors of y.
11243
Suppose 5*y + 8*k = 11*k + 112, -2*y - 5*k + 20 = 0. List the prime factors of (496/y)/(15/225).
2, 3, 31
Let x be 77724/(-90) + 6/10. Let z = x - -1224. List the prime factors of z.
19
Let r = 29 - 44. Let x = -12 - r. Suppose 299 = x*y + 2*w, 4*w - 103 = -2*y + y. What are the prime factors of y?
3, 11
Suppose -14*s = s + 5205. Let z = s - -565. List the prime factors of z.
2, 109
Suppose -m + 3*m = 10. Suppose -2*k - 1 = m. List the prime factors of (-249)/(1*k/1).
83
Let i = -8 + 285. Suppose i*s - 270*s = 6748. List the prime factors of s.
2, 241
Suppose 3*m - 11726 = -4*b + 6054, -4*m + 16 = 0. What are the prime factors of b?
2, 2221
Suppose 430 = -0*l + 3*l + 5*h, -5*l - 5*h = -730. Let s be (29/(-2))/((3 - -6)/18). Let p = s + l. List the prime factors of p.
11
Let w(b) = -13*b - 24. Let m(f) = 37*f + 72. Let r(y) = 3*m(y) + 8*w(y). What are the prime factors of r(0)?
2, 3
Suppose -2*x - n + 7 = -4*n, 4*n - 2 = -3*x. List the prime factors of x - 8 - (14 - 417).
397
Suppose 0 = -13*v + 4*v + 1737. Let a be (182/(-8))/((-1)/(-4)). Let c = v + a. List the prime factors of c.
2, 3, 17
Suppose -35*w + l = -38*w + 64792, -2*l = -2*w + 43208. List the prime factors of w.
21599
Let g = -874 - -1274. Let s = -41 + g. Suppose -s - 377 = -4*j. What are the prime factors of j?
2, 23
List the prime factors of 2/(-5)*-1 - 1/((-40)/626384).
2, 3, 5, 29
Let m(d) = 365*d - 16. Let t be m(-1). Let y = -163 - t. What are the prime factors of y?
2, 109
Suppose 5*c - 58 = -2*j, -6*j = c - 5*j - 14. Let f(z) = -c*z**2 - 6*z**2 + 53*z - 5 - z**3 - 58*z. List the prime factors of f(-16).
3, 5
Let j(f) = -33 + 4 - 37*f**2 + 70*f**2 - 50*f + 0 - 31*f**2. What are the prime factors of j(33)?
499
Let z = 43 + -1. Let n be (21/z)/(2/8). Suppose 438 = n*a + 3*g, -3*a + 2*g + 654 = 5*g. What are the prime factors of a?
2, 3
Let o = 33 - 28. Suppose -5*y + 6 = 2*c, 0 = o*c - 7*y + 3*y + 18. Let l(f) = 40*f**2 + 5*f + 5. List the prime factors of l(c).
5, 31
What are the prime factors of (-1)/((-10)/255656)*-3*(-110)/132?
2, 31957
Let d = 117 + -449. Let c = 394 + d. What are the prime factors of c?
2, 31
What are the prime factors of -20 + (-2554838)/(-154) + (-12)/14?
3, 7, 263
List the prime factors of (6/8)/(297/2535588).
19, 337
Let n(v) be the second derivative of 3*v**3 + 103*v**2/2 - 2*v - 53. What are the prime factors of n(-5)?
13
Let k be (-1)/(((-15)/(-35))/3). Let r be 44*1*(k/2 - -3). List the prime factors of (1 + r/(-4))/((-5)/(-130)).
13
Let d(f) = -f. Let q(w) = 6*w - 3. Let b(l) = 5*d(l) - q(l). Let x be b(3). Let g = x + 84. What are the prime factors of g?
2, 3
List the prime factors of ((-75031)/9)/(-11) + 4/36.
2, 379
Suppose 3 = 7*q + 17. Let k be -2 + 4 + 20/q. List the prime factors of (-822)/(-8) + (30/k)/5.
2, 3, 17
Let i be (3 - 7)*(-11)/(33/6). Suppose -4*h = -i, 25*d - 2211 = 20*d + 2*h. List the prime factors of d.
443
Let p be (((-51)/(-6))/(-17))/(1/24). What are the prime factors of 1 - (-30)/(-24) - 5787/p?
2, 241
Let y = -83 + 175. Let g = y - 73. Suppose g + 24 = d. What are the prime factors of d?
43
Suppose 7*m - 14*m = -84. Let n be 694 - m/(-9)*-3. Suppose -13*t + n = -8*t. What are the prime factors of t?
2, 3, 23
Let g(q) = 12*q**2 - 64. Let j be (2 - 5)*(-63)/(-27). What are the prime factors of g(j)?
2, 131
Suppose 2 = 2*v - 3*x, 2*v - 2*x + 4 - 2 = 0. What are the prime factors of (v - (-2)/2) + -8 + 109?
97
Let b = 63 + -58. Suppose 93 = -b*z + 118. Suppose -4*w + 276 = 3*h, 2*h - 5*h + z*w + 303 = 0. List the prime factors of h.
2, 3
Let d(i) = -i**3 - 19*i**2 - 24*i - 99. Let m be d(-18). Suppose -k - 1756 = -4*w, 4*w - m*k - 1764 = -6*k. What are the prime factors of w?
2, 3, 73
Suppose -7417 = -2*n - m, 22*n + m = 25*n - 11133. List the prime factors of n.
2, 5, 7, 53
Suppose 0 = -3*s - 6, -9*l + 8*l + 20 = 2*s. Suppose -5*y + 10 = 2*a - l, 2*a = 3*y - 30. Suppose y*v - 4 = 372. List th